{"id":163,"date":"2021-12-14T16:22:47","date_gmt":"2021-12-14T15:22:47","guid":{"rendered":"https:\/\/www.mexot-projekt.de\/?page_id=163"},"modified":"2024-09-04T10:25:24","modified_gmt":"2024-09-04T08:25:24","slug":"partner","status":"publish","type":"page","link":"https:\/\/www.mexot-projekt.de\/?page_id=163","title":{"rendered":"Partner"},"content":{"rendered":"\t\t<div data-elementor-type=\"wp-page\" data-elementor-id=\"163\" class=\"elementor elementor-163\" data-elementor-settings=\"[]\">\n\t\t\t\t\t\t\t<div class=\"elementor-section-wrap\">\n\t\t\t\t\t\t\t<section class=\"elementor-section elementor-inner-section elementor-element elementor-element-0211724 elementor-section-boxed elementor-section-height-default elementor-section-height-default\" data-id=\"0211724\" data-element_type=\"section\">\n\t\t\t\t\t\t<div class=\"elementor-container elementor-column-gap-default\">\n\t\t\t\t\t<div class=\"elementor-column elementor-col-50 elementor-inner-column elementor-element elementor-element-faf0c42\" data-id=\"faf0c42\" data-element_type=\"column\">\n\t\t\t<div class=\"elementor-widget-wrap elementor-element-populated\">\n\t\t\t\t\t\t\t\t<div class=\"elementor-element elementor-element-dea2e04 elementor-widget elementor-widget-image\" data-id=\"dea2e04\" data-element_type=\"widget\" data-widget_type=\"image.default\">\n\t\t\t\t<div class=\"elementor-widget-container\">\n\t\t\t<style>\/*! elementor - v3.5.0 - 12-12-2021 *\/\n.elementor-widget-image{text-align:center}.elementor-widget-image a{display:inline-block}.elementor-widget-image a img[src$=\".svg\"]{width:48px}.elementor-widget-image img{vertical-align:middle;display:inline-block}<\/style>\t\t\t\t\t\t\t\t\t\t\t\t\t<a href=\"https:\/\/www.blg-logistics.com\" target=\"_blank\">\n\t\t\t\t\t\t\t<img loading=\"lazy\" decoding=\"async\" width=\"649\" height=\"305\" src=\"https:\/\/www.mexot-projekt.de\/wp-content\/uploads\/2024\/09\/BLG-Logo.png\" class=\"attachment-large size-large\" alt=\"\" srcset=\"https:\/\/www.mexot-projekt.de\/wp-content\/uploads\/2024\/09\/BLG-Logo.png 649w, https:\/\/www.mexot-projekt.de\/wp-content\/uploads\/2024\/09\/BLG-Logo-300x141.png 300w\" sizes=\"auto, (max-width: 649px) 100vw, 649px\" \/>\t\t\t\t\t\t\t\t<\/a>\n\t\t\t\t\t\t\t\t\t\t\t\t\t\t\t<\/div>\n\t\t\t\t<\/div>\n\t\t\t\t\t<\/div>\n\t\t<\/div>\n\t\t\t\t<div class=\"elementor-column elementor-col-50 elementor-inner-column elementor-element elementor-element-1193ac5\" data-id=\"1193ac5\" data-element_type=\"column\">\n\t\t\t<div class=\"elementor-widget-wrap elementor-element-populated\">\n\t\t\t\t\t\t\t\t<div class=\"elementor-element elementor-element-4846b02 elementor-widget elementor-widget-heading\" data-id=\"4846b02\" data-element_type=\"widget\" data-widget_type=\"heading.default\">\n\t\t\t\t<div class=\"elementor-widget-container\">\n\t\t\t<style>\/*! elementor - v3.5.0 - 12-12-2021 *\/\n.elementor-heading-title{padding:0;margin:0;line-height:1}.elementor-widget-heading .elementor-heading-title[class*=elementor-size-]>a{color:inherit;font-size:inherit;line-height:inherit}.elementor-widget-heading .elementor-heading-title.elementor-size-small{font-size:15px}.elementor-widget-heading .elementor-heading-title.elementor-size-medium{font-size:19px}.elementor-widget-heading .elementor-heading-title.elementor-size-large{font-size:29px}.elementor-widget-heading .elementor-heading-title.elementor-size-xl{font-size:39px}.elementor-widget-heading .elementor-heading-title.elementor-size-xxl{font-size:59px}<\/style><h2 class=\"elementor-heading-title elementor-size-default\">BLG Handelslogistik GmbH & Co. KG<\/h2>\t\t<\/div>\n\t\t\t\t<\/div>\n\t\t\t\t<div class=\"elementor-element elementor-element-e8f3e74 elementor-widget elementor-widget-text-editor\" data-id=\"e8f3e74\" data-element_type=\"widget\" data-widget_type=\"text-editor.default\">\n\t\t\t\t<div class=\"elementor-widget-container\">\n\t\t\t<style>\/*! elementor - v3.5.0 - 12-12-2021 *\/\n.elementor-widget-text-editor.elementor-drop-cap-view-stacked .elementor-drop-cap{background-color:#818a91;color:#fff}.elementor-widget-text-editor.elementor-drop-cap-view-framed .elementor-drop-cap{color:#818a91;border:3px solid;background-color:transparent}.elementor-widget-text-editor:not(.elementor-drop-cap-view-default) .elementor-drop-cap{margin-top:8px}.elementor-widget-text-editor:not(.elementor-drop-cap-view-default) .elementor-drop-cap-letter{width:1em;height:1em}.elementor-widget-text-editor .elementor-drop-cap{float:left;text-align:center;line-height:1;font-size:50px}.elementor-widget-text-editor .elementor-drop-cap-letter{display:inline-block}<\/style>\t\t\t\t<p>Die <em>BLG LOGISTICS GROUP AG &amp; Co. KG<\/em> hat ihre Kernkompetenzen in der Automobil-, Kontrakt- und Containerlogistik. In diesen drei Gesch\u00e4ftsbereichen bietet die Unternehmensgruppe vollstufige logistische Systemdienstleistungen an. Zu den Kunden z\u00e4hlen die f\u00fchrenden deutschen Automobilhersteller ebenso wie starke Marken aus dem Handel. Im Gesch\u00e4ftsfeld Handelslogistik, angesiedelt im Gesch\u00e4ftsbereich CONTRACT, verzeichnet die BLG seit Jahren stetiges Wachstum, teils durch die Entwicklung ihrer Bestandskunden, aber auch durch neue Kunden und neue Standorte. Die BLG Handelslogistik nimmt als einer der ersten deutschen Logistikdienstleister an der \u201eLean and Green\u201c-Initiative von GS1 Germany teil. BLG LOGISTICS ist ein wachsendes Unternehmen, das sich zu einem global agierenden Logistiker entwickelt hat, mit starker lokaler Basis. An \u00fcber 100 Standorten in Europa, Nord- und S\u00fcdamerika, Afrika und Asien bietet die BLG heute rund 16.000 Arbeitspl\u00e4tze, mehr als die H\u00e4lfte davon in Bremen (Hauptsitz) und Bremerhaven. Daraus ergibt sich eine hohe Verantwortung f\u00fcr die Region.<\/p>\t\t\t\t\t\t<\/div>\n\t\t\t\t<\/div>\n\t\t\t\t\t<\/div>\n\t\t<\/div>\n\t\t\t\t\t\t\t<\/div>\n\t\t<\/section>\n\t\t\t\t<section class=\"elementor-section elementor-top-section elementor-element elementor-element-1e1e184 elementor-section-boxed elementor-section-height-default elementor-section-height-default\" data-id=\"1e1e184\" data-element_type=\"section\">\n\t\t\t\t\t\t<div class=\"elementor-container elementor-column-gap-default\">\n\t\t\t\t\t<div class=\"elementor-column elementor-col-100 elementor-top-column elementor-element elementor-element-c7ca495\" data-id=\"c7ca495\" data-element_type=\"column\">\n\t\t\t<div class=\"elementor-widget-wrap elementor-element-populated\">\n\t\t\t\t\t\t\t\t<section class=\"elementor-section elementor-inner-section elementor-element elementor-element-c972e6a elementor-section-boxed elementor-section-height-default elementor-section-height-default\" data-id=\"c972e6a\" data-element_type=\"section\">\n\t\t\t\t\t\t<div class=\"elementor-container elementor-column-gap-default\">\n\t\t\t\t\t<div class=\"elementor-column elementor-col-50 elementor-inner-column elementor-element elementor-element-83a3111\" data-id=\"83a3111\" data-element_type=\"column\">\n\t\t\t<div class=\"elementor-widget-wrap elementor-element-populated\">\n\t\t\t\t\t\t\t\t<div class=\"elementor-element elementor-element-64582d1 elementor-widget elementor-widget-image\" data-id=\"64582d1\" data-element_type=\"widget\" data-widget_type=\"image.default\">\n\t\t\t\t<div class=\"elementor-widget-container\">\n\t\t\t\t\t\t\t\t\t\t\t\t\t\t\t\t<a href=\"http:\/\/www.biba.uni-bremen.de\" target=\"_blank\">\n\t\t\t\t\t\t\t<img loading=\"lazy\" decoding=\"async\" width=\"300\" height=\"114\" src=\"https:\/\/www.mexot-projekt.de\/wp-content\/uploads\/2021\/12\/BIBA_Logo-300x114.png\" class=\"attachment-medium size-medium\" alt=\"\" srcset=\"https:\/\/www.mexot-projekt.de\/wp-content\/uploads\/2021\/12\/BIBA_Logo-300x114.png 300w, https:\/\/www.mexot-projekt.de\/wp-content\/uploads\/2021\/12\/BIBA_Logo-18x7.png 18w, https:\/\/www.mexot-projekt.de\/wp-content\/uploads\/2021\/12\/BIBA_Logo.png 443w\" sizes=\"auto, (max-width: 300px) 100vw, 300px\" \/>\t\t\t\t\t\t\t\t<\/a>\n\t\t\t\t\t\t\t\t\t\t\t\t\t\t\t<\/div>\n\t\t\t\t<\/div>\n\t\t\t\t\t<\/div>\n\t\t<\/div>\n\t\t\t\t<div class=\"elementor-column elementor-col-50 elementor-inner-column elementor-element elementor-element-50f94c8\" data-id=\"50f94c8\" data-element_type=\"column\">\n\t\t\t<div class=\"elementor-widget-wrap elementor-element-populated\">\n\t\t\t\t\t\t\t\t<div class=\"elementor-element elementor-element-8bf3f9a elementor-widget elementor-widget-heading\" data-id=\"8bf3f9a\" data-element_type=\"widget\" data-widget_type=\"heading.default\">\n\t\t\t\t<div class=\"elementor-widget-container\">\n\t\t\t<h2 class=\"elementor-heading-title elementor-size-default\">BIBA \u2013 Bremer Institut f\u00fcr Produktion und Logistik GmbH<\/h2>\t\t<\/div>\n\t\t\t\t<\/div>\n\t\t\t\t<div class=\"elementor-element elementor-element-fe549f0 elementor-widget elementor-widget-text-editor\" data-id=\"fe549f0\" data-element_type=\"widget\" data-widget_type=\"text-editor.default\">\n\t\t\t\t<div class=\"elementor-widget-container\">\n\t\t\t\t\t\t\t<p><span style=\"font-size: 16px; font-style: normal; font-variant-caps: normal; caret-color: #47425d; color: #47425d; font-family: 'Open Sans', sans-serif;\">Das\u00a0<\/span><em style=\"font-size: 16px; font-variant-caps: normal; caret-color: #47425d; color: #47425d; font-family: 'Open Sans', sans-serif;\">BIBA \u2013 Bremer Institut f\u00fcr Produktion und Logistik GmbH<\/em><span style=\"font-size: 16px; font-style: normal; font-variant-caps: normal; caret-color: #47425d; color: #47425d; font-family: 'Open Sans', sans-serif;\">\u00a0ist ein ingenieurwissenschaftliches Forschungsinstitut. Im Juli 1981 wurde es als An-Institut der Universit\u00e4t Bremen gegr\u00fcndet und z\u00e4hlt heute zu den gr\u00f6\u00dferen Forschungseinrichtungen im Land. Die Besch\u00e4ftigten stammen aus sehr unterschiedlichen Disziplinen, was die Basis bildet, um innovative technische und organisatorische L\u00f6sungen zu erforschen und zu entwickeln. Eine Kernkompetenz des BIBA ist die Entwicklung von innovativen Roboterl\u00f6sungen und deren Integration in logistische Prozesse. Ein weiterer Arbeitsschwerpunkt stellt die Entwicklung und Anwendung von Methoden und Algorithmen der k\u00fcnstlichen Intelligenz dar. Mit dem Computer Vision Lab (VisionLab) verf\u00fcgt das BIBA \u00fcber ein Dienstleistungszentrum zur Entwicklung und Erprobung innovativer Anwendungen von Bildverarbeitung und K\u00fcnstlicher Intelligenz (z.B. Deep Machine Learning) f\u00fcr Produktion und Logistik. Es unterst\u00fctzt den direkten Transfer von der Forschung in die Praxis und widmet sich unter anderem der 3D-Objekterkennung und der Mensch-Maschine-Interaktion.<\/span><\/p>\t\t\t\t\t\t<\/div>\n\t\t\t\t<\/div>\n\t\t\t\t\t<\/div>\n\t\t<\/div>\n\t\t\t\t\t\t\t<\/div>\n\t\t<\/section>\n\t\t\t\t\t<\/div>\n\t\t<\/div>\n\t\t\t\t\t\t\t<\/div>\n\t\t<\/section>\n\t\t\t\t<section class=\"elementor-section elementor-top-section elementor-element elementor-element-45f93c7 elementor-section-boxed elementor-section-height-default elementor-section-height-default\" data-id=\"45f93c7\" data-element_type=\"section\">\n\t\t\t\t\t\t<div class=\"elementor-container elementor-column-gap-default\">\n\t\t\t\t\t<div class=\"elementor-column elementor-col-100 elementor-top-column elementor-element elementor-element-cd6a6c2\" data-id=\"cd6a6c2\" data-element_type=\"column\">\n\t\t\t<div class=\"elementor-widget-wrap elementor-element-populated\">\n\t\t\t\t\t\t\t\t<section class=\"elementor-section elementor-inner-section elementor-element elementor-element-e412e9f elementor-section-boxed elementor-section-height-default elementor-section-height-default\" data-id=\"e412e9f\" data-element_type=\"section\">\n\t\t\t\t\t\t<div class=\"elementor-container elementor-column-gap-default\">\n\t\t\t\t\t<div class=\"elementor-column elementor-col-50 elementor-inner-column elementor-element elementor-element-71940b7\" data-id=\"71940b7\" data-element_type=\"column\">\n\t\t\t<div class=\"elementor-widget-wrap elementor-element-populated\">\n\t\t\t\t\t\t\t\t<div class=\"elementor-element elementor-element-95bc174 elementor-widget elementor-widget-image\" data-id=\"95bc174\" data-element_type=\"widget\" data-widget_type=\"image.default\">\n\t\t\t\t<div class=\"elementor-widget-container\">\n\t\t\t\t\t\t\t\t\t\t\t\t\t\t\t\t<a href=\"https:\/\/www.elrotec.de\" target=\"_blank\">\n\t\t\t\t\t\t\t<img loading=\"lazy\" decoding=\"async\" width=\"1024\" height=\"284\" src=\"https:\/\/www.mexot-projekt.de\/wp-content\/uploads\/2023\/09\/Elrotec_Intralogistik_Automation_2023_2-1024x284.jpg\" class=\"attachment-large size-large\" alt=\"\" srcset=\"https:\/\/www.mexot-projekt.de\/wp-content\/uploads\/2023\/09\/Elrotec_Intralogistik_Automation_2023_2-1024x284.jpg 1024w, https:\/\/www.mexot-projekt.de\/wp-content\/uploads\/2023\/09\/Elrotec_Intralogistik_Automation_2023_2-300x83.jpg 300w, https:\/\/www.mexot-projekt.de\/wp-content\/uploads\/2023\/09\/Elrotec_Intralogistik_Automation_2023_2-768x213.jpg 768w, https:\/\/www.mexot-projekt.de\/wp-content\/uploads\/2023\/09\/Elrotec_Intralogistik_Automation_2023_2-1536x426.jpg 1536w, https:\/\/www.mexot-projekt.de\/wp-content\/uploads\/2023\/09\/Elrotec_Intralogistik_Automation_2023_2.jpg 1701w\" sizes=\"auto, (max-width: 1024px) 100vw, 1024px\" \/>\t\t\t\t\t\t\t\t<\/a>\n\t\t\t\t\t\t\t\t\t\t\t\t\t\t\t<\/div>\n\t\t\t\t<\/div>\n\t\t\t\t\t<\/div>\n\t\t<\/div>\n\t\t\t\t<div class=\"elementor-column elementor-col-50 elementor-inner-column elementor-element elementor-element-63b85b0\" data-id=\"63b85b0\" data-element_type=\"column\">\n\t\t\t<div class=\"elementor-widget-wrap elementor-element-populated\">\n\t\t\t\t\t\t\t\t<div class=\"elementor-element elementor-element-06f7228 elementor-widget elementor-widget-heading\" data-id=\"06f7228\" data-element_type=\"widget\" data-widget_type=\"heading.default\">\n\t\t\t\t<div class=\"elementor-widget-container\">\n\t\t\t<h2 class=\"elementor-heading-title elementor-size-default\"><span style=\"font-size: 34px;\">Elrotec - Automation &amp; Robotik<\/span><\/h2>\t\t<\/div>\n\t\t\t\t<\/div>\n\t\t\t\t<div class=\"elementor-element elementor-element-25fe998 elementor-widget elementor-widget-text-editor\" data-id=\"25fe998\" data-element_type=\"widget\" data-widget_type=\"text-editor.default\">\n\t\t\t\t<div class=\"elementor-widget-container\">\n\t\t\t\t\t\t\tDie in 2012 gegr\u00fcndete ELROTEC GmbH ist Spezialist\nf\u00fcr Robotik als auch Automation und fokussiert die Automatisierung der\nSegmente Logistik, Kunststoffindustrie, Metallverarbeitung und Food.\nGegenstand des Unternehmens ist der Vertrieb, das Engineering und die\nFertigung von Automatisierungsanlagen sowie deren Komponenten mit\nIndustrierobotern. Des Weiteren geh\u00f6ren sowohl der Handel mit\nErsatzteilen, Service und Dienstleistungen als auch der industriell\nbetriebene Werkzeug-, Vorrichtungs- und Sondermaschinenbau zu den\nBereichen des in Werlte ans\u00e4ssigen Unternehmens mit 16 Mitarbeitern. Als\nPartner von f\u00fchrenden Herstellern, wie beispielsweise Universal Robots,\nDoosan Robotics oder KUKUA, unterst\u00fctzt ELROTEC Unternehmen auf ihrem\nWeg in die Zukunft der Produktion und Logistik. Hier werden durch\nEigenentwicklungen und Zukauf-Komponenten individuelle Kundenl\u00f6sungen\nerm\u00f6glicht.\t\t\t\t\t\t<\/div>\n\t\t\t\t<\/div>\n\t\t\t\t\t<\/div>\n\t\t<\/div>\n\t\t\t\t\t\t\t<\/div>\n\t\t<\/section>\n\t\t\t\t\t<\/div>\n\t\t<\/div>\n\t\t\t\t\t\t\t<\/div>\n\t\t<\/section>\n\t\t\t\t\t\t<\/div>\n\t\t\t\t\t<\/div>\n\t\t","protected":false},"excerpt":{"rendered":"<p>BLG Handelslogistik GmbH &#038; Co. KG Die BLG LOGISTICS GROUP AG &amp; Co. KG hat ihre Kernkompetenzen in der Automobil-, Kontrakt- und Containerlogistik. In diesen drei Gesch\u00e4ftsbereichen bietet die Unternehmensgruppe vollstufige logistische Systemdienstleistungen an. Zu den Kunden z\u00e4hlen die f\u00fchrenden deutschen Automobilhersteller ebenso wie starke Marken aus dem Handel. Im Gesch\u00e4ftsfeld Handelslogistik, angesiedelt im Gesch\u00e4ftsbereich [&hellip;]<\/p>\n","protected":false},"author":2,"featured_media":0,"parent":0,"menu_order":0,"comment_status":"closed","ping_status":"closed","template":"","meta":{"footnotes":""},"class_list":["post-163","page","type-page","status-publish","hentry","entry"],"_links":{"self":[{"href":"https:\/\/www.mexot-projekt.de\/index.php?rest_route=\/wp\/v2\/pages\/163","targetHints":{"allow":["GET"]}}],"collection":[{"href":"https:\/\/www.mexot-projekt.de\/index.php?rest_route=\/wp\/v2\/pages"}],"about":[{"href":"https:\/\/www.mexot-projekt.de\/index.php?rest_route=\/wp\/v2\/types\/page"}],"author":[{"embeddable":true,"href":"https:\/\/www.mexot-projekt.de\/index.php?rest_route=\/wp\/v2\/users\/2"}],"replies":[{"embeddable":true,"href":"https:\/\/www.mexot-projekt.de\/index.php?rest_route=%2Fwp%2Fv2%2Fcomments&post=163"}],"version-history":[{"count":62,"href":"https:\/\/www.mexot-projekt.de\/index.php?rest_route=\/wp\/v2\/pages\/163\/revisions"}],"predecessor-version":[{"id":1534,"href":"https:\/\/www.mexot-projekt.de\/index.php?rest_route=\/wp\/v2\/pages\/163\/revisions\/1534"}],"wp:attachment":[{"href":"https:\/\/www.mexot-projekt.de\/index.php?rest_route=%2Fwp%2Fv2%2Fmedia&parent=163"}],"curies":[{"name":"wp","href":"https:\/\/api.w.org\/{rel}","templated":true}]}}